*o = -3. Let x(u) = -9*u**2 - 17*u. Let q(w) = -5*w**2 - 9*w. Let l(n) = k*q(n) + 4*x(n). What is l(p)?
4
Let i(f) = f**2 + 4*f + 1. Suppose 2*y + 67 = -3*j - 95, -4*j = 2*y + 216. Let k be ((-1)/((-3)/6))/(36/j). Calculate i(k).
-2
Let v = -8 - -6. Let l(w) be the first derivative of 25*w**3/3 + 2*w**2 - 7*w + 154. Let g(t) = 13*t**2 + 2*t - 3. Let k(f) = v*l(f) + 5*g(f). Give k(1).
16
Let w(l) = l - 23. Suppose r = 2*r - 4, d = 5*r + 1. Let v be w(d). Let u(n) = 3*n**2 + 3*n. Give u(v).
6
Let a(r) = 66*r - 44*r - 19*r - 8*r**3 + 2. Give a(-1).
7
Let f(h) = -h - 2. Suppose 0 = -2*o + 4*p + 170, 3*o - 3*p - 261 = p. Suppose o*g - 89*g + 8 = 0. What is f(g)?
2
Let w(f) = f**2 + 3*f - 6. Let a be w(-4). Let i(g) = g**3 + 3*g**2 - 2. Let j be i(a). Let n(s) = s**3 - j - 1 + 3*s - 4*s**2 + 1. Calculate n(2).
-4
Suppose -5*h + 13 = -67. Suppose m - 5*m = -h. Let u(y) = -58*y - 6*y**2 + 3 + 9*y**2 - 2 + 63*y - y**3. Determine u(m).
5
Suppose -15*d = -q - 17*d + 23, -2*d - 3 = -q. Let u(x) = -x**2 + 15*x - 10. Determine u(q).
16
Let s(a) = a**3 + 9*a**2 + 13*a + 1. Let h be s(-5). Suppose 0 = -5*p - p + h. Let m(w) = 6 - 4 - w - 6*w**2 - w**3 + 3 + 2*w**3. What is m(p)?
-1
Let g(r) = r**2 - 2*r + 1. Let x = -245 - -253. Suppose 18*q - x = 10. Calculate g(q).
0
Suppose 4*k - 44 = -5*f - 7, 0 = 4*f + 12. Let y(a) = 5*a + 31*a**2 - a**3 - 38*a**2 + 6 + 5*a - k*a. What is y(-6)?
-12
Let z(x) be the first derivative of -14*x**3 - x**2/2 + x + 1. Suppose -151*n + 17 + 150 = 16*n. Give z(n).
-42
Let o(m) = 11*m**2 - 8*m + 6. Let k(t) = 4*t**2 - 3*t + 2. Suppose 0*w - q = -4*w + 31, 2*w = -5*q + 21. Let z(r) = w*k(r) - 3*o(r). Calculate z(-4).
-18
Let b(f) = -f**3 - 11*f**2 - 13*f - 14. Suppose 5*g - 5*k = -0*k + 35, -3*g + 5*k + 19 = 0. Let s be (4 - g)/(10/25). Calculate b(s).
16
Suppose 236 = 39*b - 16*b - 82*b. Let m(q) be the second derivative of 1/6*q**3 - q + 1/12*q**4 + 0 + 1/2*q**2. Give m(b).
13
Let i = -654 + 658. Let z(c) = 7*c**2 - c**3 - 9*c - i + 9*c - 7*c. Suppose 18 = -q + 4*q. Calculate z(q).
-10
Let z be 3 + (12/5 - (-54)/(-135)). Let n(g) = 6 - 14*g + z*g**2 - 6*g**2 + 7*g. Calculate n(-6).
12
Let w(j) be the second derivative of 1 - 3/2*j**2 + 20*j - 1/3*j**4 - 5/6*j**3. Calculate w(-3).
-24
Let v(d) = 28 - d**2 + 14 + 11 - 424*d + 216*d + 211*d. Calculate v(10).
-17
Let a = 38 - 34. Suppose a = k, k + 8 = -2*i + 6*i. Let t(o) = 3*o**3 - i*o**2 + o**2 - 2*o**2 + 3*o**2. What is t(-1)?
-4
Let q(j) be the first derivative of -19*j + 1/2*j**2 + 2. Calculate q(0).
-19
Let r(i) = -i**3 - 2*i**2 + 2*i - 4. Suppose -o - 6 = -5*d, 0*d = 2*d - 6. Suppose -41 = -o*q - 68. Give r(q).
-1
Let q(m) = -43*m + 7. Let y be (-8*1 - (110/(-10) - -4))/(-1). Calculate q(y).
-36
Let y(p) = 7252*p - 29 - 7254*p + 11 + 10 + 2*p**2 + 9. Let f(j) = 3*j**2 - 2 + 3*j**3 - 2*j**3 - 2*j**3. Let v be f(3). Determine y(v).
13
Let i(n) = 8*n**2 + 18*n + 26. Let z be (-66)/(-6) + 15/(-3). Let p(a) = z*a + 32*a**2 + 9 - 29*a**2 + 0*a. Let h(k) = -4*i(k) + 11*p(k). Determine h(7).
2
Let f(s) = s**3 - 6*s**2 + 3*s + 7. Let l = -1133 - -1136. Give f(l).
-11
Let x(z) = -9*z + 17*z**2 - 6*z**2 - 3*z + 0*z**2 + 31 - 10*z**2. Give x(5).
-4
Suppose -227*i + 1483 = -1695. Let h(v) = 24*v - 330. Calculate h(i).
6
Suppose -3*v + 21 + 0 = 0. Let y(a) = -11*a**2 - 17*a + 21. Let r(w) = 3*w**2 + 2*w - 2. Let x(g) = -4*r(g) - y(g). What is x(v)?
1
Let x(q) = -7*q**2 - 7. Let l(o) = -61*o**2 + 17*o + 7. Let i(s) = -11*s**2 + 3*s + 1. Let t(r) = -34*i(r) + 6*l(r). Let z(a) = 6*t(a) + 7*x(a). Give z(-3).
-10
Let g(o) = -o**3 - 4*o**2 + 5. Let y be (1 - 1)*(-2)/(-6). Let f(v) = 4*v + 4. Let k(s) = 9*s + 8. Let b(m) = -7*f(m) + 3*k(m). Let r be b(y). Calculate g(r).
5
Let d(r) be the second derivative of r**3/3 - 4182*r. Let t(h) be the second derivative of h**4/12 + 4*h**3/3 + 5*h**2/2 + h. Let l be t(-6). What is d(l)?
-14
Suppose -2*b = 3*d + 77, -3*b + 670*d = 672*d + 123. Let w(k) = -2*k**3 - 87*k**2 - 44*k - 52. Calculate w(b).
-9
Let l(k) = -568083*k + 77 + 150 + 284028*k + 284031*k. Determine l(9).
11
Suppose 0 = 2*o - k - 168, -4*o + 138 + 194 = -3*k. Let m = 88 - o. Let b(f) = -2*f + m + f**2 - 5 + 2 + 0*f**2. Determine b(-1).
2
Suppose 4*m - 16 = 2*l, -3*l + 2*m + 9 = 17. Suppose 2*t - 16 = -2*t. Suppose l = -t*f, -14 + 4 = -2*x - 5*f. Let s(q) = q**3 - 4*q**2 - 5*q - 3. What is s(x)?
-3
Let v(k) = k**3 + 4*k**2 + 4. Let w be v(-3). Suppose -3*q - 1 + w = 0. Let g(l) = 33 + 28 - 60 + 2*l. Give g(q).
9
Let x(j) = j**2 + 8*j + 11. Let w be x(-6). Suppose -7*s - 480 = -15*s. Let i(l) = -46*l + 125*l - s*l + 1 - 2. What is i(w)?
-20
Let r(a) = 8*a + 124. Suppose -24*q = 4*q - 10*q + 270. Determine r(q).
4
Let g(f) = -7 + 7191*f - 7194*f - 10. Give g(14).
-59
Let a(y) = -y - 2. Let l(b) = -b**3 - 20*b**2 + b + 32. Let m be l(-20). Let d = -5 - -23. Suppose -m*j + 18 = -d*j. Give a(j).
1
Let p(a) be the second derivative of a**4/12 - 7*a**3/6 - 3*a**2 - 2*a - 148. Determine p(10).
24
Let a(z) = -z**2 - z + 2. Let l(y) = -2*y**2 + y + 5*y - 32 + 10 + 4*y + 18. Let b(q) = -a(q) + l(q). What is b(7)?
22
Suppose -2*t + 2*i - 28 = 0, 0 = -2*t + 3*i - 29 + 1. Let d(w) = -6*w - 68. Determine d(t).
16
Let g(u) = 3*u**2 - 35*u - 52. Let q be g(13). Let n(b) = 2 + q*b + 2 + 4*b + 5 - 3*b. What is n(7)?
16
Let c = 310 + -337. Let l = -32 - c. Let p(o) = -o**2 - 6*o - 3. Calculate p(l).
2
Let r(y) = y**3 - 6*y + 2. Let x(v) be the third derivative of -v**6/120 - v**5/60 + 7*v**4/24 - v**3/6 + 49*v**2. Let i(w) = -5*r(w) - 4*x(w). Calculate i(4).
2
Let c(o) be the second derivative of o**7/2520 - 7*o**6/720 + o**5/60 + 4*o**4/3 - o**2 - 15*o. Let u(l) be the third derivative of c(l). Determine u(7).
2
Let g(w) = 3*w**2 - 19*w + 9. Suppose -46*z + 970 - 694 = 0. Give g(z).
3
Let g(z) be the first derivative of z**2/2 - 18*z - 1238. Let a = -15 + 29. Give g(a).
-4
Let k(y) = -y**3 - 6*y**2 - 7*y - 6. Let p(d) = -d**3 + 5*d**2 - 13*d + 7. Let a be p(7). Let o = a - -178. Determine k(o).
-10
Let k(a) = -2*a**3 - 18*a**2 - 3*a + 3. Let z(d) = -3*d**2 + 1. Let x(j) = k(j) - 6*z(j). Give x(-1).
2
Let w(i) = -62*i - 18. Let t(a) = 99*a + 27. Let j(l) = 5*t(l) + 8*w(l). Calculate j(-5).
-4
Let l(g) = -56*g - 27. Let z(d) = 14*d + 7. Let p(r) = 3*l(r) + 11*z(r). Calculate p(-1).
10
Let d = 2495 + -2498. Let p(u) = -u**3 - 2*u**2. Determine p(d).
9
Let y be 80/(-88) - ((-1)/(-11) + 0). Let n(g) = g + 1. Let t(w) = 39*w**2 + 2*w + 3. Let r(u) = 4*n(u) - t(u). Determine r(y).
-40
Let k(q) = 2*q**3 - 4*q**2 - 2*q + 9. Let y be k(3). Suppose 5*j + s - 2*s = 15, 3*j = 3*s + y. Let c(f) = f**3 - 3*f**2 - 2*f. Give c(j).
-8
Let s(b) = 22*b - 2048. Let d be s(93). Let g(j) = 7*j**2 - 7*j - 3. What is g(d)?
39
Let t(y) = 5*y - 113. Let w be 5 + (-124)/(-1302) + (-334)/(-21). Give t(w).
-8
Suppose 0 = 32*w - 35*w + 192. Let k(s) = 3*s + 2*s - 60 - 2*s**2 + w + s**2. What is k(7)?
-10
Let j(r) = -3*r**3 + 11*r**2 - 19*r - 2. Let u(x) = 1577*x - 15768. Let a be u(10). Give j(a).
-20
Let a(h) = 16*h - 62. Let o = 9577 - 9571. Determine a(o).
34
Let m(l) = l**2 - 20*l + 22. Let k = -6221 - -6239. Determine m(k).
-14
Suppose -3*h - 3*w + 13 = -11, -3*w = h - 8. Let t(s) = s**3 - 8*s**2 - 6*s. Give t(h).
-48
Let j(u) = -23*u**2 + 6. Let w(n) = -30*n**2 - 2*n + 5. Let i(z) = 4*j(z) - 3*w(z). Give i(4).
1
Let k(g) be the second derivative of -21*g**5/10 + g**3/6 - 1827*g. Give k(-1).
41
Let u(p) be the third derivative of -p**5/30 - p**4/24 + 2*p**3/3 + 83*p**2. Let t be ((-3 - -3) + 2)*(-30)/30. Give u(t).
-2
Let y be 0 + 1 - 2*1. Let r be y + (-2 + 1)*2. Let z(d) = -d**3 - 16 + 41 - 14 - 3*d**2 - 14 - 2*d. Determine z(r).
3
Suppose -37*i - 3153 = 12*i + 1110. Let r(c) = -c**3 - 88*c**2 - 90*c - 267. Calculate r(i).
-6
Let b(y) be the third derivative of -y**6/120 - y**5/10 + 7*y**4/24 - 5*y**3/3 - 2*y**2. Let k be (27/6)/(-3)*2 - 188/47. Determine b(k).
-10
Let v(h) = -h. Suppose -29*o + 140 = 6*o. Suppose -3*j = -a + 9, o*a + 12 = -0*a. Give v(j).
4
Let q(c) be the third derivative of -c**4/24 + c**3/6 - 5*c**2. Let a(j) = j + 2. Let w be a(8). Suppose -5 = -3*b + w. Determine q(b).
-4
Let q(z) = -z**3 - 4*z**2 + z + 9. Let b(x) = -281*x - 4. Let l be b(0). Calculate q(l).
5
Let v(w) = w**3 + 5*w**2 + 8*w - 2. Let c(g) 